+ (5 - 0) + -8.
-3
(2 - 1) + 1 + -2 + -2
-2
What is the value of 2 + 4 + -6 + 4?
4
Calculate -11 + -4 + -1 + (12 - 1).
-5
What is -11 - 2 - (14 + -12 - 6)?
-9
Evaluate -15 + 5 + (7 - -3).
0
3 + 0 + 0 + -4 + -3
-4
Calculate -4 + (0 + (5 - 2) - 4).
-5
Evaluate 4 - (-1 - (-2 + 4) - -2).
5
Evaluate 1 + -12 - (-2 - 5).
-4
What is 6 - (9 + (-5 - -2))?
0
What is the value of (4 - 5) + -1 + -1?
-3
-1 + (-3 - -9) + 4
9
What is -1 - (2 + 0 + -1)?
-2
Calculate (-2 - -2) + 20 + -15.
5
What is the value of -3 + (-2 - ((5 - 0) + -5))?
-5
What is the value of (-3 - (1 - 3)) + (-6 - -2)?
-5
Calculate -2 + 8 + -8 - (-1 - 1).
0
What is the value of 3 - (4 + (7 - 9)) - 5?
-4
What is -1 - (1 + 1 - 3)?
0
Evaluate -3 + -11 + 4 + 4 - -2.
-4
Evaluate (-9 - -8) + (-8 + -1 - -13).
3
Calculate 18 - (-10 - (0 - 19)).
9
2 + (-1 - -1) + (1 - 2)
1
Evaluate 6 + (-6 - (-5 - -5)).
0
Calculate (-3 - (0 - 4)) + -2.
-1
What is the value of 0 - (-1 + 4 + -8)?
5
What is the value of 3 + (3 + -2 - 1) + -5?
-2
-2 - (4 + 4 + -13)
3
What is the value of 0 + 1 + (-34 - -35)?
2
What is -27 - -32 - (0 - -3)?
2
Calculate 5 + (0 - (8 - 2)).
-1
What is the value of 11 + (-14 - -5) + 0 + 2?
4
Evaluate -5 + 0 + -101 + 105.
-1
Calculate 3 + -9 + (7 - -4) + 2.
7
Calculate -3 - -3 - (2 + 2 + 0).
-4
6 + (2 - 5) + (-6 - -3)
0
Evaluate (5 - (1 - 1)) + (-1 - 1).
3
Calculate -5 + (6 - -3) + 0 + -3.
1
Evaluate 1 - ((0 - -2) + -5).
4
-1 - 2 - 1 - 0
-4
Evaluate 7 + (0 - -1 - (5 - 2)).
5
Calculate 15 - 7 - (6 + 0).
2
What is -21 + 18 - (0 + 1)?
-4
What is (-1 - (-1 + 2)) + -3?
-5
28 + -31 - (-4 + 0 - -1)
0
What is the value of 26 - 22 - ((2 - 1) + 1)?
2
3 - -3 - (2 - -2 - 6)
8
(11 - 15) + -1 + (5 - 2)
-2
What is -5 + 4 - ((-5 - -2) + -3)?
5
2 + (-3 + -3 - (-2 - -3))
-5
3 - (19 - 7) - -8
-1
(0 + 8 - -5 - 8) + 0
5
Calculate (95 - 100) + -5 + 0.
-10
What is the value of (14 - 7 - 4) + -2?
1
1 + -2 - (-5 - -9)
-5
What is 1 + (-9 - -12 - -4) - 7?
1
What is the value of -12 - -7 - (-4 - -2)?
-3
What is the value of (2 + -6 - -2) + -1?
-3
Evaluate 3 + (-3 - (0 - -1)) + 4.
3
What is the value of -6 + (-21 - -22) + (-1 - -2)?
-4
-2 + (-7 - 0) + 3 + 3
-3
-5 - 2 - (77 - 87)
3
Calculate 4 - (8 + -8) - 0.
4
Calculate -1 + 3 + -1 - 6.
-5
Calculate 5 - (1 + 5 + -3 + 1).
1
8 + -3 + -2 + (-4 - -4)
3
(6 - -4 - 16) + 11
5
Evaluate (-9 + 9 - -18) + -10.
8
What is the value of (1 - 0) + (-1 - 3) + 12?
9
Evaluate 1 + -10 + 18 + -7.
2
Evaluate 2 + 1 + 2 + -10 + 5.
0
What is the value of -2 - ((14 - 18) + (1 - -1))?
0
Evaluate -7 - (-10 + 5 + -7).
5
7 + 3 + -6 + -3 - -2
3
What is the value of -11 + 7 + 1 + -5?
-8
24 + -15 - (2 + 0)
7
Evaluate 7 - (-3 + (0 - -2)) - 3.
5
What is -10 + (12 - 3) + -4?
-5
Evaluate 2 + 3 + -6 - -3.
2
Calculate -4 - (1 + (11 - 13)).
-3
Calculate 3 + (4 - 7) + -2.
-2
What is the value of -7 + -1 + 4 - 0?
-4
What is the value of (4 - 1) + 2 + -4?
1
Evaluate 3 + -2 + -2 + 3 + -2.
0
Calculate 0 - (-11 - (0 + 3 + -8)).
6
Evaluate 16 + -28 - (0 - 5).
-7
Calculate (-3 - -1) + (-7 - -5 - -4).
0
What is 1 + 4 - 4 - (1 - -1)?
-1
Evaluate 1 + -2 + (2 - 3) - -2.
0
Evaluate 2 - (1 - (-1 - (1 + -6))).
5
Calculate -4 + (5 + 2 - 2) + 8.
9
Calculate (2 - -5) + (-36 - -35).
6
Calculate 1 + (3 - 7) - (-2 + -8).
7
Calculate 7 - (3 + -5 - (-1 + -2)).
6
0 - (8 + -3) - (-1 + 1)
-5
What is the value of -5 - (2 - 6 - -3)?
-4
Evaluate 4 + -10 + 3 - -1.
-2
-1 + -2 + (5 - 2) + -3
-3
Calculate (2 - 1) + 1 + 1.
3
What is 5 - (-6 - -2 - (5 + -12))?
2
Evaluate 8 + 0 + 8 + -15.
1
-26 - -14 - (1 + -3)
-10
Evaluate 18 - 8 - 11 - 5.
-6
Calculate -27 + 13 + 7 + 8.
1
What is the value of -3 + 1 + -2 + (39 - 38)?
-3
Evaluate (3 - 7) + 2 + (5 - 1).
2
Calculate 3 - 1 - (-2 + (-14 - -11)).
7
What is -4 - (65 + -58 + 1 + -6)?
-6
Evaluate 2 - (-9 + 7 + 4).
0
What is (9 - 12) + (0 - 1 - -4)?
0
What is 12 + -16 - (0 - 0)?
-4
Evaluate 13 + (1 - 3) - (-29 + 34).
6
2 + -9 + (-7 - -22)
8
What is -7 - (-5 - -5 - 4)?
-3
Evaluate -8 + (4 - 2 - (12 + -13)).
-5
What is the value of 0 - -6 - (-16 + 15 + 1)?
6
What is 1 + -1 + (-4 - 0)?
-4
What is the value of -3 + 7 - (-10 - -20)?
-6
What is -3 - (0 + (-3 + -1 - 0))?
1
Calculate 2 - (3 + 3 + -4).
0
What is the value of 7 - (10 - 8 - -12)?
-7
Evaluate (-4 - (10 - 6 - 3)) + 8.
3
What is -5 - -1 - (-12 - -13)?
-5
What is the value of 1 + 1 + 3 - (-14 + 22)?
-3
What is 21 + -11 - (-1 - 1 - -8)?
4
Evaluate (4 - (-5 + 10)) + -4.
-5
Calculate 1 - ((-2 - 3) + 3).
3
(2 - 5) + 2 + -1 - 2
-4
Calculate -4 + -2 + (-2 - -9) + 3.
4
What is the value of -2 + -8 + 6 + 0?
-4
Evaluate (-1 - 1) + 0 + -36 + 37.
-1
Calculate 23 - 28 - (-1 - -1).
-5
(-1 - (2 + -8)) + -2
3
What is the value of 1 - 3 - (2 + (-5 - -2))?
-1
Evaluate (-1 + -1 - 0) + (-4 - -10).
4
What is the value of 3 - 2 - 5 - (-53 + 56)?
-7
2 - (6 + -10 + 3)
3
What is 4 + -4 - (-8 + 3)?
5
What is the value of (4 + -3 - -4) + -1?
4
Calculate (36 - 38) + (0 - -2 - -3).
3
Evaluate -1 + (0 - -7 - (-7 + 14)).
-1
-1 + -3 + (2 - -4)
2
What is the value of 3 - -3 - (2 - (3 + -2))?
5
Evaluate -7 + (8 - -3 - 5).
-1
Evaluate (-6 - -2) + (-4 - -5).
-3
What is 5 - -3 - 7 - (-1 + 1)?
1
What is (0 - (3 + -3)) + -3?
-3
Evaluate 3 + 11 + -15 - -12.
11
Evaluate -2 + 1 + 0 + (1 - 3).
-3
Evaluate (1 - (1 - 3)) + -9 + 3.
-3
What is the value of -5 + -2 - (39 - 43)?
-3
What is 0 - (0 - (6 + -4))?
2
What is the value of 2 + (6 - 2 - (-2 + 5))?
3
What is (-1 - (5 - 3)) + -1?
-4
What is the value of 5 - (-4 - (4 - 8))?
5
What is -2 + -2 - -2 - -3?
1
Calculate 0 + -2 + (2 - -5) - 3.
2
What is (-9 - -8) + 2 + -2 + 0?
-1
6 + -3 + 1 + 0
4
(-3 - (6 + -4 + -8)) + 1
4
What is the value of (3 - 5) + 12 + -3 + -2?
5
Evaluate -3 - (1 + -2 - 0).
-2
Calculate (-2 - 0) + 17 + -17 + -3.
-5
What is the value of -1 - (-2 - (-4 + 3))?
0
Evaluate -6 + (0 - 0) - -9.
3
Evaluate -5 - (-2 - (2 - -3)).
2
Evaluate (-27 - (18 - 36)) + (5 - 0).
-4
What is -1 + -1 + 0 + (2 - -3)?
3
-2 + 1 - (2 + 0 + -3)
0
Calculate -7 + 1 - (-4 + -1 - -3).
-4
What is -2 + (5 - 6) + 5 + -9?
-7
What is -4 + 3 + -7 + 4 - 4?
-8
(-4 - (-11 + 6)) + -8
-7
Evaluate -1 + -7 + (57 - 47).
2
Calculate -4 + (-1 - (-4 - -1)) - 1.
-3
What is 3 - (-4 + 12 + -6)?
1
Calculate -2 + 2 + 1 - -2.
3
Evaluate 5 - ((10 - 8) + -3).
6
0 - (8 - 5 - 14)
11
What is the value of -6 - ((-4 - -6 - -2) + -5)?
-5
1 - ((-1 + -5 - -14) + -2)
-5
What is the value of 0 - (17 - 11) - -2?
-4
(-10 - -3 - -11) + -4
0
Calculate (-9 - 2) + (-9 - -18).
-2
Calculate 3 + -10 + 3 + 1.
-3
What is (39 + -41 - (-1 - 6)) + -4?
1
Calculate (-2 - (4 - 9)) + 0.
3
Calculate -8 - (8 - (3 + 17)).
4
Evaluate 3 + (1 - (7 + -6)) - 3.
0
Evaluate (-6 - -8) + -11 + 5.
-4
Calculate 4 - (6 + -5 - -2).
1
Calculate -6 - -4 - (-4 + 4).
-2
What is the value of 6 + -7 + 7 + -8?
-2
Evaluate -5 + 0 + 4 + (13 - 13).
-1
Calculate -1 - -5 - (17 + -17).
4
What is the value of 0 + 0 - (1 - (5 + -5))?
-1
-1 - (-10 + 4) - 3
2
Evaluate 1 + (4 - 7) - (-2 - -3).
-3
Evaluate 4 + -4 + -2 + 0 + 5.
3
What is 5 + (-1 - 3 - 2) - 0?
-1
Evaluate 4 - (11 - (-18 + 14)).
-11
22 + -21 - (-2 + 10 - 0)
-7
10 + (-4 - 0) - 1
5
Evaluate 13 + -11 - (-2 + (4 - 1)).
1
What is the value of 10 - (-8 - -17) - -8?
9
Evaluate 2 - (10 + -5) - (-20 + 19).
-2
1 + -6 - -2 - (1 + -1)
-3
What is the value of -2 - (0 - (0 + 8 + -1))?
5
8 + -2 - (-17 - -7 - -11)
5
What is (2 - 6) + (18 - 11)?
3
10 + -19 - -13 - 3
1
Evaluate -9 + (-7 - -12) + 9.
5
Evaluate (-15 - -9) + (-1 - -4) - -1.
-2
Evaluate 3 + (-31 - -10 - -9).
-9
Evaluate -7 - (-4 + 5 + -5) - -4.
1
Calculate (2 - -4) + 47 + -60.
-7
What is the value of (1 - -2) + -12 + 2 + 7?
0
Evaluate -1 + -1 - (8 + (-7 - 6)).
3
5 - (1 + 4 - 1 - -4)
-3
What is the value of (-5 - (5 + (-5 - 2))) + 2?
-1
Evaluate -2 - ((0 - -1) + -3).
0
Calculate -5 - (-1 + (-4 - (-1 + -4))).
-5
Evaluate -98 + 103 - (11 - 0).
-6
Calculate -3 + 4 - (-1 - 3).
5
Evaluate -8 + 4 + -1 + 2.
-3
Calculate (3 - (-5 - -5)) + -5.
-2
What is the value of (-3 - -3) + (-1 + 2 - 1)?
0
Calculate -4 + 2 + -3 + 1.
-4
What is -6 + (4 - 5) - -6 - -3?
2
Evaluate (2 + 4 - 3) + 1.
4
Evaluate 2 + (0 + -3 - -6) + -1.
4
Evaluate 5 + -8 + 4 - 1 - 2.
-2
What is (16 - 25) + 1 + 2?
-6
What is the value of 14 + -16 + 15 - 14?
-1
0 + -5 - -1 - 0
-4
What is the value of 2 + (-5 - (-4 + 8))?
-7
Evaluate -5 + 1 - (-10 - (0 + -1)).
5
Calculate (12 - 8) +